
What is the value of 38 + 30 + -48 - (-3 - -26)?
-3
Evaluate (0 - ((10 - 4) + -9)) + (17 - 11).
9
Calculate (-9 - (-4 + -3)) + -175 + (-13 - -38) + 16.
-136
Evaluate 38 + 9 + -1 + 3 + -6 + 15 + -7.
51
What is -16 - (0 - 2) - (-27 - (-27 - -10 - 10))?
-14
Calculate -30 + 19 - (-38 - (4 - 8)).
23
Calculate 67 - -33 - 18 - 14.
68
Calculate (1 + -21 - -28) + 1 + 15 + 4.
28
Calculate -260 + 126 + 159 - 15.
10
Evaluate -10784 - -10776 - (53 - (-4 + 2) - 1).
-62
What is the value of (-6 - -1) + (-335 - -46) + 267?
-27
-7 + 0 + 36 - (107 + -112)
34
Calculate 7 + 0 + 61 + -141 + 98.
25
What is 8 + (-17 - ((-10 - -9 - -18) + 64))?
-90
Calculate (1 - -43 - 78) + 14 + 3 + -1.
-18
What is 137 + 7 - (-23 - -36 - -16)?
115
(19 - -27 - 54) + -7
-15
What is 17 + (-4 - -6 - (1 + 4)) + 1300 + -1289?
25
What is the value of -22 - (16 - 22) - ((8 + -4 - 17) + 4)?
-7
What is the value of (7 - -6) + (-27 - 4) + -20?
-38
Calculate -76 + (-38 + 7 - (28 - 85)).
-50
What is 10 + (-1 - 19 - -9) + -51?
-52
What is (20 - (2 + 7 + 7 + 4 + -14)) + -1?
13
What is the value of 8 + (-55 - (-116 + 74)) + (1 - -1)?
-3
Evaluate -18 + (2 - 9 - 3).
-28
What is 12 + 11 + -34 + (3 + -1 - (77 - -57))?
-143
What is the value of 5 + (-7 - -2 - (1 + (-9 - -1)))?
7
What is the value of ((2 - -5) + -2 + -13 - -11) + -46 + -7?
-50
149 - 156 - (-16 - 0) - ((1 - 3) + 33)
-22
What is the value of 73 + (55 + 21 - 119)?
30
Evaluate 15 + (58 - 45) - 26.
2
Evaluate 116 + 5 - (-570 + 546).
145
Calculate (-1 - -14) + (-466 - -445) - -53.
45
14 + 0 - ((-1 - -22) + (1000 - 1015))
8
Evaluate (-9 - ((25 - (-21 - 25)) + 8)) + (-15 - -1).
-102
What is the value of 2 - 1 - (-226 + (259 - 140))?
108
47 + (-33 - -8 - 39)
-17
Evaluate (102 - 114) + -18 + 8 + 74.
52
(-4 - (-11 - 12)) + -4 + -4 - 29
-18
Calculate 0 - ((190 - 176) + (-9 - (-3 - -7))) - -25.
24
Evaluate -154 + 186 - (-4 + 1 - (16 + -11)).
40
-174 + (45 - (52 - 151))
-30
9 + (-19 - -19) + (-58 - 72)
-121
What is -139 + 16 + (-49 - -37)?
-135
-3 - -2 - -1 - (0 + 3) - (383 - 311)
-75
What is the value of (-2 - 36 - -56 - 12) + 101?
107
What is the value of (2 - (-5 - -94)) + (76 - 26 - 52)?
-89
What is the value of 2 - (-3 + 0 + 2 + -6 + 4 + -4)?
9
What is 3 - (9 - 20 - (-31 + 3))?
-14
What is the value of -7 + 27 + -13 - 8 - -13?
12
Calculate -8 + (7 - -4 - 11) + 58.
50
What is the value of -23 + (76 - (-23 + 26 + -2)) - 24?
28
Calculate ((40 - 35) + -76 - 23) + (-3 - 17).
-114
Calculate (-13 - 38 - -23) + 75.
47
Evaluate 7 - (0 + -2) - (-87 + (81 - -26)).
-11
-4 - (-17 - -1) - (-250 + 187) - (6 + 0)
69
Evaluate -17 + 4 + 95 - 13 - 12.
57
Calculate 9 + 33 + -54 + 27 + -26.
-11
Calculate -4 + 38 + (52 - 94).
-8
Calculate 42 + -1 - (-17 + 8 + 6).
44
What is the value of 45 - 23 - (-7 + -5 + 1 + 3)?
30
What is -20 - (-12 + 13) - 0 - 11 - 2?
-34
What is -22 + (13 + 33 - 21 - 7)?
-4
Calculate 44 + -16 - 20 - (-8 - -8).
8
Calculate -2 - (29 - 20) - (-3 - 8 - (0 + -5)).
-5
-20 + (0 - -30) + -364 + 373 + -10
9
150 - 299 - (-129 - -14)
-34
17 + (41 - -101) - 128
31
What is (-9 - (19 + -16)) + 5 + 11 - (-1 + -31)?
36
16 + 23 - 19 - 10
10
What is the value of -2 + -7 + 5 + 3 + (-28 - -33) - -23?
27
Evaluate -37 - (-11 + 12 + 4 + -10 + -6).
-26
What is -7 - (99 + 154 + -139)?
-121
278 + -250 - (-3 - -23) - 75
-67
What is the value of 18 - (0 + (27 - -69) + 7)?
-85
Evaluate (1 - -5) + 1 + 33 + (-56 - -53 - -22).
59
(282 - 79) + -219 - (-1 - (-3 - -2 - -9))
-7
What is the value of -51 + (-6 - (4 + (3 - -5) - 8)) + 10?
-51
What is (-45 - (32 + -113)) + 8?
44
Evaluate 32 + (-11 - 31 - 8).
-18
Evaluate (29 - -2) + (27 - (-27 - (-8 - 33))).
44
What is 4 + 7 + -5 + 23 + -32 + -1?
-4
Evaluate 15 - (14 - (-9 + 4 - 23)).
-27
What is -3 - (8 - (9 - 6) - 6 - -16)?
-18
What is 47 + (117 - 75) - 60?
29
Calculate -10 + ((-3 - (-18 + 0)) + -4 - (31 - 20)).
-10
Calculate 12 - (6 - (-16 - (-21 - -17))).
-6
Evaluate (4 - -49) + -2 - ((1 - 12) + -12 + 19).
55
Calculate -68 - -6 - (-85 + 141).
-118
What is (101 + -93 - (5 + 1) - 11) + 63?
54
What is (-21 - (13 + 20)) + 29?
-25
What is (76 - 68) + (10 - 2) + -45?
-29
Calculate (3 - 7 - (-32 - -24) - (9 - -2)) + 124.
117
What is the value of -70 + 13 + (15 - (34 + -20 + 16)) + 10?
-62
Evaluate -40 - (-69 - -20) - -23.
32
Calculate -10 + -2 - -16 - 1 - (-26 + -1).
30
What is (92 - (-94 + 234)) + 19?
-29
What is (-17 + 6 - -4 - (-8 - -7)) + -23?
-29
Calculate 1 - -10 - ((-1 - (-10 + 10 + 15)) + 8).
19
Evaluate 2 + 11 + 2 + (-15 - 11) + 16 + 10.
15
What is -7 + -6 - -34 - 8 - (1 - 8)?
20
Evaluate -17 + (52 - 21 - 28) + 32.
18
Evaluate 24 + 1 - (124 - 45 - 98) - (4 + -1).
41
What is the value of (0 - -9) + -90 + 80 + 35 + (-5 - -2)?
31
-37 - ((4 - 4 - 20) + 311 + -310)
-18
Calculate -92 + 229 - 100 - (-2 - (1 + -4) - -2).
34
Evaluate 5 + (-33 - -36) + 74.
82
Evaluate -42 + 22 + (4 + -20 - 9).
-45
What is -8 - -14 - ((83 - 24) + -11 + 4)?
-46
Calculate 43 - ((2 - 6 - 5) + 8) - (1 + 4).
39
What is (-850 - -884) + (-1 - 25)?
8
What is 4 + (18 - (9 + 8 + 4))?
1
Evaluate -9 - ((30 - 12 - 24) + -154 + 14).
137
Calculate -7 + -4 + 11 + -10 + 21 + -26.
-15
What is -36 - (-84 + 63 + -77)?
62
What is 22 + -28 + 2 + -18?
-22
-66 + -4 + 3 - (1483 - 1474)
-76
15 + -4 - -4 - ((-30 - -4) + 109 + -23)
-45
What is the value of 53 + (-50 - -16) + -1?
18
What is (68 - -5) + (127 - 173)?
27
-3 + (-24 - -40) + -31 + (-2 - -7)
-13
What is (-84 - -55) + (-19 - -67)?
19
What is the value of -17 - (99 + -20 + -127)?
31
(-86 - -35 - -50) + 57
56
Calculate -4 - (114 + -109 + (-21 - 1)).
13
77 + 4 + -58 + 18
41
34 + (-38 - (14 - 49)) + (-1 - -1)
31
Calculate 73 - ((-34 - -73) + 36).
-2
369 - 361 - (0 - -21) - (-11 + 3)
-5
Evaluate 11 + ((5 - 6) + 11 + 0 - -74 - 3).
92
(57 - (43 - 162)) + -128
48
What is the value of 15 - (15 - -17) - 62?
-79
What is 89 + (-22 - (-11 - (-4 - -5)) - 1)?
78
Evaluate -26 - (24 + -19) - -51 - -26.
46
(-79 - (96 + -127)) + -30
-78
Calculate -2 - 47 - (0 + -4 - -8) - (-1339 + 1353).
-67
-32 - (5 + (-16 + 36 - 40))
-17
Calculate 1972 + -1883 - ((-1 - -25) + 2).
63
Evaluate -65 + -18 + (-10 + 13 - -7).
-73
Calculate (-397 + 409 - (-15 - 0)) + 41.
68
What is 38 - (-14 - ((-1 - 11) + (88 - 76)))?
52
Evaluate -33 + (23 - -16 - 6) + -29.
-29
What is the value of -225 - -312 - (17 + -8)?
78
What is 24 + (38 - 4) - 46?
12
What is the value of 3 - (61 - -1 - (266 - 267))?
-60
What is 1 + 52 + 176 + -315 + 113?
27
What is (3840 - 3879) + -24 + (-3 - -1)?
-65
(-10 - (14 + -20) - -14 - -32) + 18
60
What is 11 + -26 + 27 + 20 + -41?
-9
Calculate 240 + -57 + -95 - 2.
86
Calculate -6 - 1 - (10687 - 10737).
43
Calculate 5284 + -5292 + 72 + 1.
65
What is the value of (790 - 857) + 0 + 71?
4
What is 2362 - 2407 - (-6 + 16)?
-55
Calculate -13 + 11 + -10 + (-10 - -28) + 84.
90
Calculate (53 - 24) + -21 - -16.
24
What is (-70 - 77) + 99 + 53?
5
What is the value of 91 + -36 + 14 + -118?
-49
What is the value of (758 - 769 - (-1 + 15)) + -79?
-104
Calculate -45 + 4 + -22 + 14 + (4 - (20 - 4)).
-61
What is 8 + 6 - (-5 + -1 - -45)?
-25
What is -746 + 675 + 115 + 0?
44
Calculate (-1 - (-38 - 3)) + -26 + -44 + 68.
38
What is the value of -35 - (-2 + 0 + 0 - (35 - 38))?
-36
Evaluate 97 + 36 + -110 + 72.
95
Calculate (-1 - -36) + (-6783 - -6791).
43
What is 37 - (-154 - -158 - (-2 + 1)) - 18?
14
Calculate -3 + (-1 - (-21 + -1)) + 190 + -188.
20
-18 - (412 + -381 - (1 + 42))
-6
What is the value of -38 - (37 - (-10 - -32) - 31)?
-22
What is the value of -3495 - -3438 - (1 + -58)?
0
Calculate 2 - (-27 + 27 + 22) - 28 - (-9 + 1).
-40
23 + (27 - 4 - (1 + -8))
53
Evaluate 15 + 0 - (-3 + -7 + (9 - -13 - 13)).
16
Evaluate 77 + (-24 - -2) - 98.
-43
Evaluate 39 + 9 + (-115 - -27).
-40
What is the value of 53 - (-38 + 25 - (3 - 21))?
48
Calculate -8 + 5 + -12 - (-303 - -302).
-14
Evaluate -100 - (-117 + 87) - -134.
64
What is the value of 62 + 2 + -4 + (-9 - (-18 + -5 + 13))?
61
Evaluate -95 + -1 - (4 + 128 - 156).
-72
Evaluate -99 + 3 - (198 - 230).
-64
Calculate 5 + -82 - (-1 + -1 - (-273 + 278)).
-70
What is -3 + 73 + -7 + (-1 - (9 + -6))?
59
Calculate (4 - 57 - (25 + -65)) + (0 - 42).
-55
Evaluate 5 + (5 - 6 - (-7 + 19 + -9)) + -7.
-6
What is -71 - (-215 - (-50 - 57))?
37
What is the value of (0 + -5 - 0) + (359 - 355) + 38?
37
What is the value of (-2 - -66) + (-10